 p**7/840 + 7*p**6/360 + p**5/20 - p**4/24 + p**3/2 + 6*p**2. Let d(v) be the first derivative of j(v). What is d(-6)?
-1
Let z(u) = -6*u - 1. Suppose -o - 19 + 17 = 0. Calculate z(o).
11
Let o(y) be the first derivative of 1/20*y**5 - 1 + 5/6*y**3 + 1/2*y**4 + 2*y - y**2. Let j(p) be the first derivative of o(p). Calculate j(-5).
-2
Suppose -2*j + 10 = -0*j. Let k = 3 + 1. Let a(w) = -5 - 1 + k + w**2 - 3*w. What is a(j)?
8
Let z(v) = v**2 - 6*v + 1. Suppose -t = 2*h - 5, 2*h + 2*t = -0*h + 6. Suppose 2*g = h + 10. What is z(g)?
1
Let f(z) be the second derivative of 1/12*z**4 - 3*z + 0 - 1/2*z**2 - 5/6*z**3. Calculate f(5).
-1
Let g(y) = 5 + 3*y - 12 - 2*y - y**3 - 5*y**2. What is g(-5)?
-12
Let g(q) be the first derivative of q**2 + 2*q + 2. Suppose 0 = v + 4*i + 15, 7*v + 5 = 4*v - 4*i. Suppose v*m + 0*m + 14 = 2*p, -p - 8 = 5*m. Calculate g(p).
6
Let v(h) = 3*h**3 - 9*h + 3 + 3*h**2 - 4*h**3 + 7*h. Suppose -5*t = -x - 13, x + 4*x = -2*t - 11. Calculate v(t).
3
Let i(q) be the second derivative of -q**5/20 - 7*q**4/12 - 4*q**3/3 - 9*q**2/2 + 4*q. Determine i(-6).
3
Suppose 4*r - 1 = h, -2*r = 5*h - r - 16. Let x(t) = 2*t**2 - t - 2. What is x(h)?
13
Let o(q) = -q**2 + 4*q + 2. Let i(d) = -d**2 + 1. Let u(n) = -2*i(n) + o(n). Suppose 4*f - 4*p + 14 = -2*p, 2 = -2*p. Determine u(f).
0
Suppose 6 + 3 = 3*x, -4*q - 5*x - 9 = 0. Let f(p) = p**3 + 5*p**2 - 8*p - 2. Determine f(q).
10
Let c = 10 + -4. Let k(s) = -s**2 + 5*s + 7. Let t(d) = d**2 - 5*d - 7. Let o(j) = -5*k(j) - 6*t(j). Determine o(c).
1
Let s(o) = -26*o**2 - o**3 - 25*o**2 - 6*o + 44*o**2. What is s(-6)?
0
Let s be 1 + -1 + (-1 - -2). Let c(b) = -b**2 - b. Let y(m) = -m**3 - 7*m**2 - 4*m - 1. Suppose -5*f - 21 - 9 = 0. Let r(p) = f*c(p) + y(p). Give r(s).
-1
Let m(i) = 11*i - 3. Let s(l) = -3*l + 1. Let p(n) = 2*m(n) + 9*s(n). Give p(4).
-17
Let a = -141 - -145. Let t(q) = -q**2 + 9*q - 1. Let o(j) = -j**2 + 10*j - 1. Let k(s) = 5*o(s) - 6*t(s). Determine k(a).
1
Let m be (-20)/(-6)*36/30. Let p(f) = f - 4. What is p(m)?
0
Let y(f) = 3*f - 6*f - 1 - 6*f. Determine y(-1).
8
Let x(r) be the second derivative of -r**4/12 - 2*r**3/3 + 3*r**2/2 - 4*r. Determine x(-4).
3
Let m(g) = -g - 2. Let w(p) = p + 3. Let k(y) = -5*m(y) - 3*w(y). Calculate k(2).
5
Let p(l) = -3*l**3 + 10*l**2 + 5*l - 1. Let c(i) = -i**3 + i**2. Let w(h) = -4*c(h) + p(h). Let r be (-1)/(-2)*(-1 - 9). Determine w(r).
-1
Let s be (-1)/(-2) - (-3)/2. Suppose 4*t = -3*j + 4 - 13, -j + 7 = -s*t. Let c(m) = m**3 + 2*m**2 - 3*m + 2. Determine c(t).
2
Let g(q) be the first derivative of 1/20*q**5 - 2 - q**2 - 1/6*q**4 + 1/120*q**6 + 0*q - 2/3*q**3. Let p(j) be the second derivative of g(j). Calculate p(-4).
-4
Let k(w) = -5*w**2 + 2*w + 1. Let l = -3 + 5. Suppose 15 = 6*x - 3*x. Suppose x*t = -10, 8 = -6*m + l*m - 2*t. What is k(m)?
-6
Let m be (1/2)/(((-14)/(-84))/1). Let w(r) be the third derivative of 0*r - 1/6*r**3 + r**2 - 1/6*r**4 + 1/30*r**5 + 0. What is w(m)?
5
Let v(l) = 2*l. Let x be ((-2)/(-3))/((-2)/(-15)). Suppose m + q = -0*m + 3, -4*q + 13 = 3*m. Let d be m*5 + -4 + x. What is v(d)?
-8
Let l(r) be the second derivative of r**5/60 + r**4/4 - r**3/6 + 7*r**2/2 + 7*r. Let b(s) be the first derivative of l(s). Determine b(-7).
6
Let k(q) = 2*q + 1. Let s(b) = -b**3 - 3*b**2 + 2*b - 4. Let h be s(-4). Suppose 3 = h*v - 5. Let p be (0 - 2)*(v - 1). Determine k(p).
-3
Let g(l) = 2*l - 6. Let f(q) = -q + 2. Let y be f(-2). Determine g(y).
2
Let n(o) = -o**2 - 2*o + 3. Let g be n(3). Suppose -5 = -3*h + 7. Let y be (-4)/g - h/(-6). Let j(s) = 7*s - 1. What is j(y)?
6
Let u(b) = 5*b**3 + 11*b**2 - 9*b - 11. Let x(k) = -k**3 - k**2 + k + 1. Let f(y) = u(y) + 4*x(y). Calculate f(-7).
28
Let k(i) = 4*i**2 + 6*i + i - 12*i**2 + i**3. Give k(7).
0
Suppose y - 1 = 1. Let s(q) = 3*q + 6. Let t be s(-3). Let i be y - 0 - 4 - t. Let k(l) = 7*l - 1. Calculate k(i).
6
Let c(l) = -9*l**2 - 8*l + 1. Let u(q) = -26*q**2 - 23*q + 3. Let z(b) = -17*c(b) + 6*u(b). Let r be 4/(-2) + -5 + 5. Calculate z(r).
-7
Suppose -5*l + 0*l = 0. Let o = l - 11. Let y(z) = 6*z**3 - 36*z**2 + 6*z + 9. Let t(q) = -q**3 + 7*q**2 - q - 2. Let g(h) = o*t(h) - 2*y(h). Determine g(-5).
9
Let w(c) = -5 - c**2 - c**2 + 3*c + 7*c**2 + c**3. Let m(o) = 3*o - 10. Let u be m(5). Suppose 2*t - 2*x + 1 - 3 = 0, -u*x - 25 = 0. Determine w(t).
-1
Let m(c) = c**3 - 3*c + 4. Let f = 37 + -40. Calculate m(f).
-14
Suppose -4 = 5*p - 24. Let i = p + -6. Let b(f) = -f - 4*f - 1 + f. Calculate b(i).
7
Let b(u) = 4*u**2 - 3*u - 3. Let n(v) = -7*v**2 + 7*v + 7. Let w(y) = 5*b(y) + 2*n(y). What is w(-1)?
6
Suppose b = m + 4*b - 1, -5*b = 5*m - 25. Let z(d) = -d**2 + 5*d + 3. What is z(m)?
-11
Let p(f) = -f + 3. Let i be p(-3). Let r(g) = g - 8. What is r(i)?
-2
Let c(n) = -n**2 + 15*n - 5. Let s be c(14). Let l(w) = 7 - s*w - 2 + 7*w. Calculate l(4).
-3
Suppose -2 + 0 = -w. Let v(z) = -2 + w + 4*z - 5*z. Give v(-3).
3
Let q(j) = 5*j - 1. Let t = 0 - 1. What is q(t)?
-6
Suppose -5*i - 18 = -2*i. Let o(w) = 2*w**2 + 9*w + 3. Let k be o(i). Suppose 3*v + 5*a - 3 = -k, 3*a + 13 = -4*v. Let h(r) = -13*r. Give h(v).
13
Let r(o) = 5*o - 3. Let m be r(1). Let t(u) = u**2 + 4*u - 5. Let x(q) = -2*q + 2. Let p(d) = 2*t(d) + 5*x(d). What is p(m)?
4
Suppose f - 4*j = 6*f - 8, 0 = -2*f - 2*j + 2. Let b(p) = -3*p - f - 3*p + p**2 + p. Calculate b(5).
-4
Let a(q) = 0*q - 1 + 0 - 3*q. Suppose -14 = h - 2*l, -36 = 4*h - 3*l - l. Determine a(h).
11
Let q(m) be the third derivative of 11*m**5/60 - 5*m**4/6 + m**3/2 + m**2. Let l(s) = -4*s**2 + 7*s - 1. Let h(p) = -8*l(p) - 3*q(p). Determine h(3).
2
Let l(v) = -v**2 + 6*v - 14. Let z be l(5). Let k(p) = p**3 + 10*p**2 + 8*p - 12. Determine k(z).
-3
Let q(i) = -i**2 + 5*i - 2. Suppose c - 5 = -0*c. Let n = c - 1. Calculate q(n).
2
Suppose 26 = -3*d + w - 3*w, -5*d - 18 = -3*w. Let i(h) = h**3 + 7*h**2 + 8*h + 7. Determine i(d).
-5
Let f(h) = -11*h**2 + h - 3. Let n(y) = -y**2 - 1. Let m(q) = f(q) - 3*n(q). Suppose 5*d = 0, w - 3*w + 4*d = -2. What is m(w)?
-7
Let y(n) = n + 3. Let v = 19 - 27. Calculate y(v).
-5
Let y(s) = -6 + s + 1 - 1 + 2. Let d(g) = g**2 - 3. Let a(c) = -c + 14. Let r be a(11). Let x be d(r). What is y(x)?
2
Let u(w) = 8 - 4*w - 2 + w. Let s(a) = 3*a + 5. Let v be s(0). What is u(v)?
-9
Let v(z) = z**2 + 3*z - 5. Let o(k) = -2*k**2 - 7*k + 9. Let r(l) = 3*o(l) + 5*v(l). What is r(-6)?
2
Let k(q) = q**3 + 2*q**2 + 3*q**2 - 6*q**2 - 9. Let n = -3 - -5. Suppose f = n*f. Determine k(f).
-9
Let b(o) = -o**2 + 4*o. Let m(j) = j**2 - 19*j + 24. Let r be m(18). Suppose -f = 2*f - r. Calculate b(f).
4
Let s be 2/(-2 - -1 - -2). Let h(a) = -a + 1. What is h(s)?
-1
Let k(s) be the third derivative of -s**5/60 - 7*s**4/24 - s**3/2 - 18*s**2. Calculate k(-7).
-3
Let l(n) = -n + 0 + 0 + 3. Let g(x) = -2*x + 1. Let h be g(-2). What is l(h)?
-2
Let a(d) be the third derivative of d**5/30 - d**4/8 - d**3/2 - 4*d**2. Calculate a(3).
6
Let y(v) = 31*v + 15. Let r(a) = -15*a - 7. Let l(h) = 13*r(h) + 6*y(h). Let m(s) = 26*s + 4. Let i(z) = -8*l(z) - 3*m(z). Give i(-3).
14
Let s(x) = x - 1. Let u(q) = -q - 1. Let h(w) = 4*s(w) + 3*u(w). Give h(5).
-2
Let t(m) = m**3 + 6*m**2 + 5*m - 5. Let l be t(-5). Let r = 1 + l. Let c(z) be the third derivative of -z**5/60 - z**4/8 + z**3/2 + 2*z**2. Determine c(r).
-1
Let x(g) be the third derivative of g**5/10 + g**2. Give x(1).
6
Let s(i) = 5*i - 7 + 7. Let q = -7 + 8. Calculate s(q).
5
Let a(v) = 18*v**2 - 7. Let t(z) = -27*z**2 + 11. Let i(o) = 8*a(o) + 5*t(o). Give i(-1).
8
Let q(w) = 3*w**3 + 1. Let r(a) = 7*a. Let y be r(1). Suppose y*u = 2*u + 10. Let i = u + -3. Calculate q(i).
-2
Let u(s) = -3*s + 0*s + 5 + 4. Let j(g) = 2*g - 5. Let t(b) = 5*j(b) + 3*u(b). What is t(-5)?
-3
Let n(c) = 3 + c + 5 - 8 - 6*c**2. Determine n(-1).
-7
Let y(o) = 3*o**2 + 5*o - 3. Let w(a) = -a + 1. Let z(b) = -4*w(b) - y(b). What is z(-1)?
-3
Suppose 4*s + 4 = -4*p - 28, p = 2*s - 2. Let b(o) = o**3 + 5*o**2 - 6*o - 7. Give b(p).
-7
Suppose q + 2*q = 5*f - 18, q + 16 = 5*f. Let s(r) = -r + 2*r + 6 + 7*r**2 + f. Let u(n) = 15*n**2 + 3*n + 19. Let b(k) = -13*s(k) + 6*u(k). Calculate b(3).
3
Let y(z) be the first derivative of 0*z**2 - 1/24*z**4 + 4 - 4/3*z**3 + 1/120*z**5 + 0*z. Let n(d) be the third derivative of y(d).